
0
Suppose 5*h = 2*h. Let c(r) = -5*r. Let f(d) = -2*d - 1. Let u(p) = -c(p) + 3*f(p). Determine u(h).
-3
Let s = 4 - 0. Let l(o) = -s*o + 3*o + o**3 - 18 + 16. Suppose 2 - 8 = -3*a. What is l(a)?
4
Let r(i) = -i**2 - 2*i + 4. Let j(g) = -4*g**2 - 8*g + 16. Let f(k) = 2*j(k) - 9*r(k). Give f(-3).
-1
Let y(k) = -k**3 - 5*k**2 + 8*k + 9. Let s be y(-6). Let z(n) = n**3 + 4*n**2 + n - 3. What is z(s)?
3
Let x(f) be the first derivative of -f**4/4 + 5*f**3/3 + 3*f**2/2 + 4*f - 2. What is x(5)?
19
Let i(j) be the third derivative of j**8/6720 - j**7/630 + j**6/360 - j**5/40 + j**4/6 - 2*j**2. Let y(d) be the second derivative of i(d). Give y(3).
-6
Let u(t) be the third derivative of -t**5/60 + t**4/4 - 6*t**2. Calculate u(6).
0
Let f(y) = y. Let k be 20/6*(-15)/(-10). Let x be (-24)/(-20)*k/2. What is f(x)?
3
Let t be (-27)/(-12)*8/3. Let b(c) = 3*c**3 - 9*c**2 + 4*c + 1. Let v(n) = 16*n**3 - 46*n**2 + 19*n + 5. Let i(l) = -11*b(l) + 2*v(l). Determine i(t).
-1
Let t be (-2)/(-10)*(-45)/(-18). Let v(j) be the second derivative of 0 + 1/2*j**2 - 2*j - t*j**3. What is v(-2)?
7
Let z(q) be the third derivative of -13*q**4/24 - 6*q**2. What is z(1)?
-13
Let x(j) = -j - 1 + 1 - 1. Determine x(0).
-1
Let p(i) = -3*i**2 + 13*i + i**3 + 2*i**2 - 1 - 14*i. Calculate p(-1).
-2
Let u(y) = -y**2 - 11*y - 4. Let x be u(-5). Suppose 4*l + g + g - x = 0, -11 = -4*l + g. Let h(a) = -3*a + l - 2 + 6*a. What is h(-3)?
-7
Let d(z) = -z**3 - z**2 - z. Let m(g) = -3*g**3 - 6*g**2 - 2*g + 1. Let k(x) = 2*d(x) - m(x). Let v be -1 + 10/((-15)/3). Give k(v).
8
Let j = -5 + 9. Suppose -j*s - 3 = 13. Let d(t) = -t - 7. What is d(s)?
-3
Suppose -4*i + 24 = -2*c - 3*c, -30 = -5*i - 3*c. Let t(r) = r. Determine t(i).
6
Let q(l) = l**2 + 2*l. Let f be q(-5). Suppose 4*t - 4*g = g + 20, g - f = -3*t. Let a(c) = 2*c - 6. Give a(t).
4
Let w be 0 + (-2 - (-3)/1). Let x be -1 + 2 + 1 + 1. Let o(i) = -4 + i + 4 - i**x - i**2 - 1. Give o(w).
-2
Let z(o) be the third derivative of -o**5/20 + o**4/12 + o**3/2 + 3*o**2. Let h(p) = 4*p**2 - 3*p - 4. Let j(u) = -2*h(u) - 3*z(u). Give j(-2).
3
Suppose -3*g = -v + 13, -6*g + 2*g - 15 = v. Let u(p) = -6*p. Let b(w) = -3*w. Let s(n) = 13*b(n) - 6*u(n). Calculate s(v).
-3
Let i(q) be the second derivative of -q**3/3 - 9*q**2/2 + 8*q. Determine i(-6).
3
Let w(b) = -b + 16. Let y be w(16). Let n(a) = 51 - 52 + 0*a + a**2 - a. Give n(y).
-1
Let r(x) be the first derivative of -x**3/3 - 3*x**2/2 - 46. Give r(-4).
-4
Let n(f) = f**3 + f**2 + 5. Suppose 3*i - 6 = 2*l + 3*l, 2*i - 4 = 0. Suppose -x = -l*x. Calculate n(x).
5
Suppose -3 - 41 = -4*v. Suppose -g - v = -3*z, 5*g + 0*z - z = 1. Let w(u) = -5*u. Determine w(g).
-5
Let p be -1 + -2 + 2/(-1). Let h = 12 + p. Let l(r) = 3 + 4*r - 3*r - h. What is l(0)?
-4
Suppose -5*b - 2 = -4*k, -2*b + 5*k = 3*b. Let w(n) be the second derivative of n + 1/3*n**3 + n**2 + 0. Calculate w(b).
-2
Suppose -5*k + 7 = -3. Suppose k = -5*q + 3*q, -28 = 4*h + 4*q. Let f(o) = -o**3 - 6*o**2 - 1. Calculate f(h).
-1
Suppose -n + 3 = -2. Let l(r) = 2*r - 1 - 6*r + n*r. Let k be (-7 + 2/2)*-1. What is l(k)?
5
Suppose -4*q + 7*q = -21. Let j(f) = 4*f + 4*f - 9 - 10*f. Let n be j(q). Let a(g) = g**3 - 4*g**2 - 5*g + 4. Determine a(n).
4
Suppose 40*k - 35 = 33*k. Let i(a) = -a**2 + a. Let z(r) = -r**3 + 8*r**2 - 4*r + 3. Let s(v) = -3*i(v) - z(v). Determine s(k).
2
Let l(k) = -k**3. Let a(d) = -d**3 + 5*d**2 + 3*d - 4. Let w(c) = a(c) - 2*l(c). Give w(-4).
0
Let w(c) = -2*c + 3. Let j be ((-5)/2 + 0)*-8. Suppose -z - j = -5*l + 3, 0 = z - 2*l + 11. What is w(z)?
9
Let h(a) = 5*a + a**2 - 2*a + 0*a + 4*a. What is h(-7)?
0
Let a(m) be the first derivative of 2*m + 2 + m**2 + 1/3*m**3. Let f be 29/(-9) + (-2)/(-9). What is a(f)?
5
Let q(w) = w**2. Let n(m) = -m**3 - 4*m**2 - m - 1. Let y(c) = n(c) + 4*q(c). What is y(0)?
-1
Let g(w) = 7*w - w + 58 - w - 62. Suppose -2*i + 7 = -4*m + 3*m, 4*m + 16 = 4*i. Calculate g(i).
11
Let h(n) = n - 5. Let y(g) = -7 + 0 + 3 + 5. Let j(z) = h(z) + 2*y(z). Give j(4).
1
Let m(r) = 5*r**3 + 5*r**2 - 5*r + 5. Let i = -9 + 15. Let o(s) = 10*s**3 + 9*s**2 - 9*s + 9. Let z(v) = i*o(v) - 11*m(v). Determine z(1).
4
Let b(p) = -1 + 3*p - 2*p + 10. Let t(r) = r - 2. Let d be t(2). Give b(d).
9
Let q(v) = v**3 - 4*v**2 - 6*v + 8. Let l = 157 - 152. What is q(l)?
3
Let l(n) = n**3 + 3*n**2 + 2*n + 1. Suppose r = 3*r. Suppose -x - 2 + r = 0. Let p be 2/x*6/2. What is l(p)?
-5
Let l(w) = -w**2 - 7*w - 5. Let m be (0 - 2)*35/14. Calculate l(m).
5
Let p(d) = -d**2 + 5*d - 2. Let x be 5/(2 + -1 + -2). Suppose 5*m + 45 = 5. Let f = x - m. Give p(f).
4
Let k be (1 - 4) + 9/1. Let c be (-2)/(-2)*(k - 5). Let l(b) = -3 - c + 4 + b + 1. Calculate l(-5).
-4
Let f(p) = -p - 3. Suppose 4*g = -4*d - 8, 5*g = -d + 4*d - 34. Suppose -d*c = -4*c + 4. Calculate f(c).
-7
Let u(i) = -10*i**2 - 3*i + 2. Let c(r) = -21*r**2 - 5*r + 3. Let z(m) = -3*c(m) + 5*u(m). Determine z(-1).
14
Suppose 0 = 3*w - 2 - 4. Let q(k) be the second derivative of -1/20*k**5 + 0 - k**2 + 1/6*k**4 + 1/2*k**3 - 2*k. Calculate q(w).
4
Let y be 38/14 + 8/28. Let t(p) be the second derivative of -1/6*p**y + 9/20*p**5 + 0 + 1/6*p**4 - p + 0*p**2. Give t(1).
10
Let y(c) = 6*c + c - 4*c - 2*c + 2. Give y(7).
9
Let z(k) be the first derivative of -k**6/40 - k**5/30 - k**4/12 - k**3/6 + 5*k**2/2 - 2. Let v(w) be the second derivative of z(w). What is v(-1)?
2
Let u(s) = 0 - 5*s + 1 - 4 - 2*s**2. Let g = -12 + 57. Let j be g/5*2/(-6). Give u(j).
-6
Let v(y) = y - 5. Let z be -1 + 7 + (-72)/(-9). Calculate v(z).
9
Let n be (-86)/18 + (-6)/27. Let m be 4 + -2 + 1 + n. Let z(q) = 2*q + 2*q**2 + q**3 + 0 + 0. What is z(m)?
-4
Suppose -9*k - 48 = 3*k. Let h(t) = 5*t + 1. Determine h(k).
-19
Suppose -4*i = -5*k + k, k = 2. Let j(b) = -b**3 + 2*b**2 - b - 1. Give j(i).
-3
Suppose -j - 7 = -0*j. Let f(x) = x**2 + 8*x + 5. Let p be f(j). Let o(d) = 4*d - 2 + 0 - 3*d. What is o(p)?
-4
Suppose 0 = -5*f + 87 - 7. Let m(h) = -f + 0*h + 11 + h. Suppose -7 = 4*x - 31. Calculate m(x).
1
Let u(n) = 6*n + 1. Let s be 2 + -3 + 6 - 1. Suppose -s*p + 3 = -3*p. Suppose 2*q + 1 = p*q. Give u(q).
7
Let v(z) be the third derivative of -z**4/6 + z**3 - 23*z**2. Determine v(5).
-14
Let n(y) = -102 + 103 - 5*y + 4*y + 17*y. Let l be -2*(-1)/(-2) - 0. Determine n(l).
-15
Suppose 2*r + 4 = -4*a - 14, 2*a + 21 = -5*r. Let i(b) = -b**3 - 4*b**2 - 5*b - 2. Give i(r).
4
Let h be 2/5 + (-36)/15. Suppose g + 0*g - 2 = 0. Let c(t) = 2*t + 0*t**g - 2*t**2 + 5 - 2. What is c(h)?
-9
Suppose -h = 2*h + 27. Let z(i) = i**2 + 10*i + 10. Let q be z(h). Let u(y) = 3*y - 1. Calculate u(q).
2
Suppose -5*v = t - 3 + 4, -2*v = -t + 6. Let c(r) = -3*r**2 + r + 1. Give c(v).
-3
Let o(x) = x - 9. Let q(z) = z + 11. Let h be q(-5). Let k be (h/8)/(2/16). What is o(k)?
-3
Let n(f) be the second derivative of -f**3/6 - 2*f**2 + 2*f. Give n(-6).
2
Let p(h) = -h**2 + 218*h + 1 - 208*h - 5. Give p(8).
12
Let i be (2*-1)/(-2) + 11. Let p = 17 - i. Let x(g) = 3*g**2 + p*g**3 - 4*g**3 - g + 0*g**3 + 2. Give x(-3).
5
Let t(a) be the first derivative of 5*a**2/2 - 8. Determine t(-1).
-5
Let x(p) = 5*p**3 - p. Let w = 5 + 22. Let z be (9/w)/((-2)/6). What is x(z)?
-4
Suppose -g - 2*g = -6. Let c(h) = h + 6 - 2*h - g. Give c(-3).
7
Let r(n) = 11*n - 3 + n**3 - 10*n - 2*n + 9*n**2 + 11. Calculate r(-9).
17
Let b = -2 + 5. Suppose 0 = c + 4, -2*c + 1 = -b*k - 3. Let x(y) = y**2 + 5*y - 2. What is x(k)?
-6
Let x be 8/2 + (1 - 2). Suppose 0 = x*t - 5*t. Let k(d) = -d - 7. Give k(t).
-7
Let a(f) = -f + 2. Let p(h) = h**3 + 3*h**2 - 6*h - 4. Let i be p(-4). Suppose -5*j + i*c = 199, 21 = -4*c + 5. Let m be j/(-9) - 2/(-9). Determine a(m).
-3
Let y(r) = r + 2. Suppose -3 = 4*b - 7. Suppose -b = 4*j - 5*j. Suppose -j - 19 = -4*o. Give y(o).
7
Let n(f) = -f**3 - f**2 - 9*f**2 + 5*f**2 - 4*f. Calculate n(-3).
-6
Suppose 4 - 2 = 2*k. Let x(o) be the first derivative of -o**3 + o - 27. Calculate x(k).
-2
Let y(k) = 5*k**3 + 7*k**2 + 6*k - 16. Let x(s) = s**3 + s**2 + s - 1. Let t(c) = 6*x(c) - y(c). Calculate t(0).
10
Let r = -6 - -4. Let f(m) = 2*m**3 + 13*m**2 - m - 17. Let b(y) = 4*y**2 + y**3 + 2*y**2 + 18*y - 19*y - 8. Let i(w) = r*f(w) + 5*b(w). Give i(-4).
6
Suppose -4*y + 2 = g - 17, 5*y - 14 = 2*g. Suppose n - 6 = 3*c + 1